{"id":3571,"date":"2017-06-01T10:23:22","date_gmt":"2017-06-01T08:23:22","guid":{"rendered":"http:\/\/www.stellwerk-zukunft.de\/?page_id=3571"},"modified":"2025-08-26T10:25:54","modified_gmt":"2025-08-26T08:25:54","slug":"hilfen-zur-erziehung-2","status":"publish","type":"page","link":"https:\/\/www.stellwerk-zukunft.de\/?page_id=3571","title":{"rendered":"Hilfen zur Erziehung"},"content":{"rendered":"<div class=\"wpb-content-wrapper\"><p>[vc_row 0=&#8220;&#8220;][vc_column width=&#8220;2\/3&#8243;][vc_empty_space 0=&#8220;&#8220;]<h2 style=\"color:#578627;\" class=\" title left\">Hilfen zur Erziehung<\/h2>[vc_empty_space 0=&#8220;&#8220;]<div class=\"nicdark_divider  left small \"><span style=\"background-color:#578627;\" class=\"nicdark_radius\"><\/span><\/div>[vc_empty_space 0=&#8220;&#8220;][vc_column_text 0=&#8220;&#8220;]Im Mittelpunkt der Hilfen stehen Familien mit Kindern und Jugendlichen, die eine kurz oder auch l\u00e4ngerfristige Unterst\u00fctzung bei ihren Erziehungsaufgaben ben\u00f6tigen (\u00a731 und \u00a727 SGB VIII). Oder auch junge Menschen, auf ihrem Weg ins Erwachsenenleben (\u00a730 SGB VIII).<\/p>\n<p>&nbsp;<\/p>\n<h3><a href=\"http:\/\/www.stellwerk-zukunft.de\/wp-content\/uploads\/2017\/06\/Fotolia_148885965_S-klein.jpg\"><img loading=\"lazy\" decoding=\"async\" class=\"alignnone size-medium wp-image-3579\" src=\"http:\/\/www.stellwerk-zukunft.de\/wp-content\/uploads\/2017\/06\/Fotolia_148885965_S-klein-300x200.jpg\" alt=\"\" width=\"300\" height=\"200\" srcset=\"https:\/\/www.stellwerk-zukunft.de\/wp-content\/uploads\/2017\/06\/Fotolia_148885965_S-klein-300x200.jpg 300w, https:\/\/www.stellwerk-zukunft.de\/wp-content\/uploads\/2017\/06\/Fotolia_148885965_S-klein-768x512.jpg 768w, https:\/\/www.stellwerk-zukunft.de\/wp-content\/uploads\/2017\/06\/Fotolia_148885965_S-klein.jpg 849w\" sizes=\"auto, (max-width: 300px) 100vw, 300px\" \/><\/a><\/h3>\n<p>&nbsp;<\/p>\n<h3><span style=\"color: #578627;\">Systemischer Ansatz:<\/span><\/h3>\n<p>Die systemische Arbeitsform bietet sich f\u00fcr jede Familienform an (Ein-Eltern-Familien, Stieffamilien, etc.), aber auch in Ausnahmef\u00e4llen, bspw. zu Beginn der Arbeit, mit einzelnen Familienmitgliedern bzw. jungen Vollj\u00e4hrigen. Die jeweiligen Aktionssysteme der Antragsteller werden m\u00f6glichst mit einbezogen.<\/p>\n<p>Arbeitsort ist erstrangig das Lebensfeld der Antragsteller, denn dort sind sie die Experten. Im Einzelfall werden externe R\u00e4ume zum Arbeiten genutzt. Grundlage dieser ganzheitlichen Hilfeform ist der systemische Ansatz. Das systemische Konzept stellt die innerfamili\u00e4re Beziehung und Interaktionsmuster in den Mittelpunkt. Individuelle Symptome werden im Zusammenhang des Gesamtsystems betrachtet. Ein wesentlicher Bestandteil der Arbeit ist die Kl\u00e4rung der Rolle und Funktion jedes Einzelnen im Gesamtsystem.<\/p>\n<p>Dabei schauen wir mit den Familie auf<\/p>\n<p>&nbsp;<\/p>\n<p style=\"padding-left: 60px;\"><strong><span style=\"color: #578627;\">L\u00f6sungen<\/span><\/strong> &#8211; Es werden Optionen f\u00fcr die Zukunft und die Gegenwart gesucht. Die \u00fcberm\u00e4\u00dfige Besch\u00e4ftigung mit der Vergangenheit birgt die Gefahr der Schuldzuweisungen und f\u00fchrt leicht zu vereinfachten Kausalit\u00e4ten. Die Energien der Familie bzw. Einzelpersonen werden besser f\u00fcr die Bew\u00e4ltigung der Zukunft eingesetzt (neue Muster und neue L\u00f6sungen)<\/p>\n<p style=\"padding-left: 60px;\"><strong><span style=\"color: #578627;\">Ressourcen<\/span><\/strong> &#8211; Wir gehen davon aus, dass Menschen in vielen Lebenssituationen zur Bew\u00e4ltigung ihrer momentanen Probleme individuelle und systembezogene Ressourcen und M\u00f6glichkeiten potentiell zur Verf\u00fcgung haben. Ein bewusstes Augenmerk wird daher in der Arbeit auf die Ressourcen der\u00a0Familie (oder der Beteiligten) gerichtet, diese werden vergegenw\u00e4rtigt und der Familie bzw. Einzelperson mitgeteilt &#8211; und dadurch oftmals zur\u00fcckgegeben und so f\u00fcr die Zukunft nutzbar gemacht.<\/p>\n<p>&nbsp;<\/p>\n<p>Unsere Beratung bezieht sich auf die Grundlagen der Systemtheorie und erkl\u00e4rt das Verhalten von Menschen nicht isoliert aus deren inneren Eigenschaften heraus, sondern aus ihren Beziehungen untereinander und zu ihrer Systemumwelt. Familienberatung \/ Systemische Beratung zielt \u2013 genau wie die Familientherapie \u2013 ab auf die Erweiterung von Wahrnehmungs- und Handlungsm\u00f6glichkeiten. Dabei gilt es f\u00fcr den Kontext der Ratsuchenden aufmerksam zu bleiben und ihre Autonomie zu achten. Wir pflegen einen respektvollen Dialog mit dem beraterischen Gegen\u00fcber.<\/p>\n<p>&nbsp;<\/p>\n<h3><\/h3>\n<p>[\/vc_column_text][vc_empty_space 0=&#8220;&#8220;]<h2 style=\"color:#578627;\" class=\" title left\">Spezielle Angebote im Bereich der Hilfen zur Erziehung:<\/h2>[vc_empty_space height=&#8220;12px&#8220;][\/vc_column][vc_column width=&#8220;1\/3&#8243;][vc_empty_space 0=&#8220;&#8220;][vc_column_text 0=&#8220;&#8220;]<\/p>\n<h3>Fachbereichsleitung:<\/h3>\n<p>[\/vc_column_text][vc_column_text 0=&#8220;&#8220;]Ansprechpartnerin f\u00fcr:<\/p>\n<ul>\n<li>Landkreis Vechta<\/li>\n<li>Landkreis Diepholz<\/li>\n<li>Landkreis Osnabr\u00fcck (Sozialraum 2 bis 8)<\/li>\n<li>andere Anfragen<\/li>\n<\/ul>\n<p>[\/vc_column_text][vc_empty_space height=&#8220;12px&#8220;]\n\n\n   <div class=\" nicdark_archive1 nicdark_bg_green nicdark_radius nicdark_shadow\">\n\n        <div class=\"nicdark_textevidence nicdark_width_percentage40 nicdark_width100_responsive\">\n            <img decoding=\"async\" alt=\"\" class=\"nicdark_radius_left nicdark_opacity\" src=\"https:\/\/www.stellwerk-zukunft.de\/wp-content\/uploads\/2015\/12\/Martina_Helmes-1-350px.jpg\">\n        <\/div>\n        \n        <div class=\"nicdark_textevidence nicdark_width_percentage60 nicdark_width100_responsive\">\n            <div class=\"nicdark_margin20\">\n            \n                <h4 class=\"white\">Martina Helmes<\/h4>                        \n                <div class=\"nicdark_space20\"><\/div>\n                <div class=\"nicdark_divider left small\"><span class=\"nicdark_bg_white nicdark_radius\"><\/span><\/div>\n                <div class=\"nicdark_space20\"><\/div>\n                <p class=\"white\">Dipl. Soz. P\u00e4d.\/ Soz. Arb.<br \/>\nDiplom-P\u00e4dagogin<br \/>\nSystem. Familientherapeutin (DGSF)<\/p>\n                <div class=\"nicdark_space20\"><\/div>\n                \n\n            <\/div>\n        <\/div>\n\n        \n\n    <\/div>\n\n   [vc_row_inner 0=&#8220;&#8220;][vc_column_inner width=&#8220;1\/2&#8243;][vc_icon icon_fontawesome=&#8220;fa fa-info-circle&#8220; color=&#8220;custom&#8220; align=&#8220;center&#8220; custom_color=&#8220;#578627&#8243; link=&#8220;url:https%3A%2F%2Fwww.stellwerk-zukunft.de%2F%3Fpage_id%3D3913|title:Infos%20zu%20Martina%20Helmes|target:%20_blank|&#8220;][\/vc_column_inner][vc_column_inner width=&#8220;1\/2&#8243;][vc_icon icon_fontawesome=&#8220;fa fa-envelope&#8220; color=&#8220;custom&#8220; align=&#8220;center&#8220; custom_color=&#8220;#578627&#8243; link=&#8220;url:mailto%3Am.helmes%40stellwerk-zukunft.de|title:e-Mail%20an%20Martina%20Helmes||&#8220;][\/vc_column_inner][\/vc_row_inner][vc_empty_space 0=&#8220;&#8220;][vc_column_text 0=&#8220;&#8220;]<\/p>\n<h3>stellvertr. Leitung:<\/h3>\n<p>[\/vc_column_text][vc_column_text 0=&#8220;&#8220;]Ansprechpartnerin f\u00fcr:<\/p>\n<ul>\n<li>Landkreis Osnabr\u00fcck &#8211; Sozialraum 1<\/li>\n<\/ul>\n<p>[\/vc_column_text][vc_empty_space height=&#8220;12px&#8220;]\n\n\n   <div class=\" nicdark_archive1 nicdark_bg_green nicdark_radius nicdark_shadow\">\n\n        <div class=\"nicdark_textevidence nicdark_width_percentage40 nicdark_width100_responsive\">\n            <img decoding=\"async\" alt=\"\" class=\"nicdark_radius_left nicdark_opacity\" src=\"https:\/\/www.stellwerk-zukunft.de\/wp-content\/uploads\/2019\/04\/Manuela_Droege-neu.jpg\">\n        <\/div>\n        \n        <div class=\"nicdark_textevidence nicdark_width_percentage60 nicdark_width100_responsive\">\n            <div class=\"nicdark_margin20\">\n            \n                <h4 class=\"white\">Manuela M\u00f6hlenkamp<\/h4>                        \n                <div class=\"nicdark_space20\"><\/div>\n                <div class=\"nicdark_divider left small\"><span class=\"nicdark_bg_white nicdark_radius\"><\/span><\/div>\n                <div class=\"nicdark_space20\"><\/div>\n                <p class=\"white\">Dipl. P\u00e4dagogin System- und Familientherapeutin (DGSF) Systemischer Coach (IFW)<\/p>\n                <div class=\"nicdark_space20\"><\/div>\n                \n\n            <\/div>\n        <\/div>\n\n        \n\n    <\/div>\n\n   [vc_row_inner 0=&#8220;&#8220;][vc_column_inner width=&#8220;1\/2&#8243;][vc_icon type=&#8220;material&#8220; icon_material=&#8220;vc-material vc-material-info&#8220; color=&#8220;custom&#8220; align=&#8220;center&#8220; css=&#8220;.vc_custom_1756196733854{margin-bottom: 0px !important;border-bottom-width: 0px !important;padding-bottom: 0px !important;}&#8220; custom_color=&#8220;#578627&#8243; link=&#8220;url:https%3A%2F%2Fwww.stellwerk-zukunft.de%2F%3Fpage_id%3D3863|title:Infos%20zu%20Manuela%20M%C3%B6hlenkamp|target:_blank&#8220;][\/vc_column_inner][vc_column_inner width=&#8220;1\/2&#8243;][vc_icon icon_fontawesome=&#8220;fas fa-envelope&#8220; color=&#8220;custom&#8220; align=&#8220;center&#8220; css=&#8220;&#8220; custom_color=&#8220;#578627&#8243; link=&#8220;url:mailto%3Amoehlenlamp%40stellwerk-zukunft.de|title:e-Mail%20an%20Manuela%20M%C3%B6hlenkamp&#8220;][\/vc_column_inner][\/vc_row_inner][vc_empty_space height=&#8220;12px&#8220;][\/vc_column][vc_column][\/vc_column][\/vc_row][vc_row css=&#8220;.vc_custom_1556032349285{padding-top: 30px !important;padding-bottom: 10px !important;background-color: #578627 !important;background-position: center !important;background-repeat: no-repeat !important;background-size: cover !important;}&#8220;][vc_column 0=&#8220;&#8220; width=&#8220;1\/4&#8243;][vc_btn title=&#8220;Systemisches ambulantes Clearing&#8220; style=&#8220;3d&#8220; color=&#8220;default&#8220; link=&#8220;url:https%3A%2F%2Fwww.stellwerk-zukunft.de%2F%3Fpage_id%3D4049|||&#8220;][vc_btn title=&#8220;Gruppen- und Freizeitangebot&#8220; style=&#8220;3d&#8220; color=&#8220;default&#8220; link=&#8220;|||&#8220;][\/vc_column][vc_column width=&#8220;1\/4&#8243;][vc_btn title=&#8220;passgenaue Hilfen (SPFH, EZB etc.)&#8220; style=&#8220;3d&#8220; color=&#8220;default&#8220; link=&#8220;url:https%3A%2F%2Fwww.stellwerk-zukunft.de%2F%3Fpage_id%3D3759|||&#8220;][vc_btn title=&#8220;Multi-Familien-Therapie (MFT)&#8220; style=&#8220;3d&#8220; color=&#8220;default&#8220; link=&#8220;|||&#8220;][\/vc_column][vc_column width=&#8220;1\/4&#8243;][vc_btn title=&#8220;aufsuchende Familientherapie (AFT)&#8220; style=&#8220;3d&#8220; color=&#8220;default&#8220; link=&#8220;url:https%3A%2F%2Fwww.stellwerk-zukunft.de%2F%3Fpage_id%3D4337|title:Aufsuchende%20Familientherapie||&#8220;][vc_btn title=&#8220;Fachberatung und Fortbildung&#8220; style=&#8220;3d&#8220; color=&#8220;default&#8220; link=&#8220;|||&#8220;][\/vc_column][vc_column width=&#8220;1\/4&#8243;][vc_btn title=&#8220;Systemisches Elterncoaching&#8220; style=&#8220;3d&#8220; color=&#8220;default&#8220; link=&#8220;url:https%3A%2F%2Fwww.stellwerk-zukunft.de%2F%3Fpage_id%3D4368|title:Elterncoaching||&#8220;][\/vc_column][\/vc_row][vc_row][vc_column][vc_column_text]<\/p>\n<p>[\/vc_column_text][\/vc_column][\/vc_row]<\/p>\n<\/div>","protected":false},"excerpt":{"rendered":"<p>[vc_row 0=&#8220;&#8220;][vc_column width=&#8220;2\/3&#8243;][vc_empty_space 0=&#8220;&#8220;][vc_empty_space 0=&#8220;&#8220;][vc_empty_space 0=&#8220;&#8220;][vc_column_text 0=&#8220;&#8220;]Im Mittelpunkt der Hilfen stehen Familien mit Kindern und Jugendlichen, die eine kurz oder auch l\u00e4ngerfristige Unterst\u00fctzung bei ihren Erziehungsaufgaben ben\u00f6tigen (\u00a731 und \u00a727 SGB VIII). Oder auch junge Menschen, auf ihrem Weg ins Erwachsenenleben (\u00a730 SGB VIII). &nbsp; &nbsp; Systemischer Ansatz: Die systemische Arbeitsform bietet sich f\u00fcr jede &#8230;<\/p>\n","protected":false},"author":2,"featured_media":0,"parent":0,"menu_order":0,"comment_status":"closed","ping_status":"closed","template":"","meta":{"footnotes":""},"class_list":["post-3571","page","type-page","status-publish","hentry"],"_links":{"self":[{"href":"https:\/\/www.stellwerk-zukunft.de\/index.php?rest_route=\/wp\/v2\/pages\/3571","targetHints":{"allow":["GET"]}}],"collection":[{"href":"https:\/\/www.stellwerk-zukunft.de\/index.php?rest_route=\/wp\/v2\/pages"}],"about":[{"href":"https:\/\/www.stellwerk-zukunft.de\/index.php?rest_route=\/wp\/v2\/types\/page"}],"author":[{"embeddable":true,"href":"https:\/\/www.stellwerk-zukunft.de\/index.php?rest_route=\/wp\/v2\/users\/2"}],"replies":[{"embeddable":true,"href":"https:\/\/www.stellwerk-zukunft.de\/index.php?rest_route=%2Fwp%2Fv2%2Fcomments&post=3571"}],"version-history":[{"count":30,"href":"https:\/\/www.stellwerk-zukunft.de\/index.php?rest_route=\/wp\/v2\/pages\/3571\/revisions"}],"predecessor-version":[{"id":6811,"href":"https:\/\/www.stellwerk-zukunft.de\/index.php?rest_route=\/wp\/v2\/pages\/3571\/revisions\/6811"}],"wp:attachment":[{"href":"https:\/\/www.stellwerk-zukunft.de\/index.php?rest_route=%2Fwp%2Fv2%2Fmedia&parent=3571"}],"curies":[{"name":"wp","href":"https:\/\/api.w.org\/{rel}","templated":true}]}}