{"id":3736,"date":"2019-01-09T15:32:45","date_gmt":"2019-01-09T14:32:45","guid":{"rendered":"https:\/\/www.stellwerk-zukunft.de\/?page_id=3736"},"modified":"2025-04-25T12:51:47","modified_gmt":"2025-04-25T10:51:47","slug":"home-2","status":"publish","type":"page","link":"https:\/\/www.stellwerk-zukunft.de\/?page_id=3736","title":{"rendered":"home"},"content":{"rendered":"<div class=\"wpb-content-wrapper\"><p>[vc_row equal_height=&#8220;yes&#8220; css=&#8220;.vc_custom_1486215002863{margin-top: 0px !important;margin-bottom: 60px !important;}&#8220; idsection=&#8220;home_focus&#8220;][vc_column css=&#8220;.vc_custom_1422569968990{margin-top: -45px !important;}&#8220; el_class=&#8220;nicdark_upper_level1&#8243;][vc_row_inner idsection=&#8220;home_focus_inner&#8220;][vc_column_inner width=&#8220;1\/4&#8243; css=&#8220;.vc_custom_1421748127192{padding: 0px !important;}&#8220;]\n\n    <div class=\"nicdark_radius_left, h2 nicdark_textevidence nicdark_bg_yellow nicdark_shadow center\">\n        <div class=\"nicdark_margin30\">\n            <h2 class=\"white subtitle\"><a target=\"\" href=\"http:\/\/www.stellwerk-zukunft.de\/?page_id=56\" class=\"white\">Fr\u00fchf\u00f6rderung<\/a><\/h2>\n       <\/div>\n        <i class=\"nicdark_zoom  nicdark_iconbg left extrabig yellow nicdark_displaynone_ipadland nicdark_displaynone_ipadpotr\"><\/i>\n    <\/div>\n      \n   [\/vc_column_inner][vc_column_inner width=&#8220;1\/4&#8243; css=&#8220;.vc_custom_1421748169335{padding: 0px !important;}&#8220;]\n\n    <div class=\" nicdark_textevidence nicdark_bg_green nicdark_shadow center\">\n        <div class=\"nicdark_margin30\">\n            <h2 class=\"white subtitle\"><a target=\"\" href=\"http:\/\/www.stellwerk-zukunft.de\/?page_id=3571\" class=\"white\">Hilfen zur Erziehung<\/a><\/h2>\n       <\/div>\n        <i class=\"nicdark_zoom  nicdark_iconbg left extrabig green nicdark_displaynone_ipadland nicdark_displaynone_ipadpotr\"><\/i>\n    <\/div>\n      \n   [\/vc_column_inner][vc_column_inner width=&#8220;1\/4&#8243; css=&#8220;.vc_custom_1485940365397{padding-top: 0px !important;padding-right: 0px !important;padding-bottom: 0px !important;padding-left: 0px !important;}&#8220;]\n\n    <div class=\" nicdark_textevidence nicdark_bg_blue nicdark_shadow center\">\n        <div class=\"nicdark_margin30\">\n            <h2 class=\"white subtitle\"><a target=\"\" href=\"http:\/\/www.stellwerk-zukunft.de\/?page_id=3591\" class=\"white\">Jugend &amp; Schule<\/a><\/h2>\n       <\/div>\n        <i class=\"nicdark_zoom  nicdark_iconbg left extrabig blue nicdark_displaynone_ipadland nicdark_displaynone_ipadpotr\"><\/i>\n    <\/div>\n      \n   [\/vc_column_inner][vc_column_inner width=&#8220;1\/4&#8243; css=&#8220;.vc_custom_1421748252369{padding: 0px !important;}&#8220;]\n\n    <div class=\"nicdark_radius_right nicdark_textevidence nicdark_bg_violet nicdark_shadow center\">\n        <div class=\"nicdark_margin30\">\n            <h2 class=\"white subtitle\"><a target=\"\" href=\"\" class=\"white\">Coaching &amp; Team<\/a><\/h2>\n       <\/div>\n        <i class=\"nicdark_zoom  nicdark_iconbg left extrabig violet nicdark_displaynone_ipadland nicdark_displaynone_ipadpotr\"><\/i>\n    <\/div>\n      \n   [\/vc_column_inner][\/vc_row_inner][\/vc_column][\/vc_row][vc_row css=&#8220;.vc_custom_1422888793344{margin-top: 0px !important;margin-bottom: 20px !important;}&#8220; idsection=&#8220;home_activities_title&#8220;][vc_column][vc_empty_space height=&#8220;20px&#8220;]<h1 style=\"color:#878787;\" class=\" subtitle left\">Stellwerk Zukunft<\/h1>[vc_empty_space height=&#8220;10px&#8220;]<div class=\"nicdark_divider  left big \"><span style=\"background-color:#edbf47;\" class=\"nicdark_radius\"><\/span><\/div>[vc_empty_space height=&#8220;20px&#8220;][vc_column_text]<\/p>\n<p style=\"text-align: center;\"><span style=\"font-size: 14pt;\">Die gemeinn\u00fctzige Stellwerk Zukunft GmbH wurde 2007 gegr\u00fcndet, <\/span><span style=\"font-size: 14pt;\">um ohne spezielle Weltanschauung mit einer <\/span><\/p>\n<p style=\"text-align: center;\"><span style=\"font-size: 14pt;\">Haltung von Respekt, Neugier und Wertsch\u00e4tzung <\/span><span style=\"font-size: 14pt;\">Menschen zu st\u00e4rken und zu vernetzen.<\/span><\/p>\n<p>[\/vc_column_text][vc_empty_space height=&#8220;20px&#8220;][vc_column_text css=&#8220;&#8220;]<\/p>\n<p style=\"text-align: center;\">Unser Firmensitz und das Hauptb\u00fcro befindet sich weiterhin<\/p>\n<p style=\"text-align: center;\">in <strong><span style=\"color: #edbf47;\">Vechta<\/span><\/strong>, nun aber in der Lohner Stra\u00dfe 5a.<\/p>\n<p style=\"text-align: center;\">&#8212;<\/p>\n<p style=\"text-align: center;\">Unsere Mitarbeiter*innen finden Sie aber auch in den B\u00fcros und Au\u00dfenstellen<\/p>\n<p style=\"text-align: center;\">in <strong><span style=\"color: #edbf47;\">Quakenbr\u00fcck <\/span><\/strong>in der Kleinen M\u00fchlenstra\u00dfe 9 (Sozialraumb\u00fcro)<\/p>\n<p style=\"text-align: center;\">in <span style=\"color: #edbf47;\"><strong>F\u00fcrstenau<\/strong> <\/span>im Wegem\u00fchlenweg 4 (im Familienzentrum St. Katharina)<\/p>\n<p style=\"text-align: center;\">in <span style=\"color: #edbf47;\"><strong>Damme<\/strong> <\/span>im Ulmenweg 18<\/p>\n<p style=\"text-align: center;\">&#8212;<\/p>\n<p style=\"text-align: center;\">Telefonisch k\u00f6nnen Sie uns erreichen unter 04441 854385.<\/p>\n<p style=\"text-align: center;\">Oder nutzen Sie gerne das Kontaktformular unten auf dieser Seite.<\/p>\n<p style=\"text-align: center;\">Au\u00dferdem k\u00f6nnen Sie bei den Bildern der Mitarbeitenden in den verschiedenen Fachbereichen auf das E-Mail-Zeichen klicken,<\/p>\n<p style=\"text-align: center;\">um der jeweiligen Person direkt eine E-mail zu schicken.<\/p>\n<p>[\/vc_column_text][\/vc_column][\/vc_row][vc_row][vc_column][vc_empty_space height=&#8220;40px&#8220;]<h1 style=\"color:#878787;\" class=\" subtitle left\">Aufgaben und Organisationsform<\/h1>[vc_empty_space height=&#8220;20px&#8220;]<h3 style=\"color:#878787;\" class=\" subtitle left\">Fachbereiche und Team<\/h3>[vc_empty_space height=&#8220;10px&#8220;]<div class=\"nicdark_divider  left big \"><span style=\"background-color:#edbf47;\" class=\"nicdark_radius\"><\/span><\/div>[vc_empty_space height=&#8220;20px&#8220;][\/vc_column][\/vc_row][vc_row css=&#8220;.vc_custom_1422786236633{margin-top: 20px !important;margin-bottom: 20px !important;}&#8220; idsection=&#8220;home_services1&#8243;][vc_column width=&#8220;1\/3&#8243; css=&#8220;.vc_custom_1422721955891{margin-bottom: 20px !important;}&#8220;]\n\n    <div class=\" nicdark_archive1 nicdark_relative\">\n        \n        <div class=\"nicdark_btn_iconbg nicdark_bg_yellow nicdark_absolute extrabig nicdark_shadow \"><div><i class=\"icon-child nicdark_iconbg left big white\"><\/i><\/div><\/div>\n    \n        <div class=\"nicdark_activity nicdark_marginleft100\">\n            <h4>FR\u00dcHF\u00d6RDERUNG<\/h4>                        \n            <div class=\"nicdark_space20\"><\/div>\n            <p>``Kleine Kinder - gro\u00dfe Chancen`` - Alles zu unserer ambulanten Fr\u00fchf\u00f6rderung, den therapeutischen und p\u00e4dagogischen Arbeitsformen und zur Erziehungsberatung hier.<\/p>\n            <div class=\"nicdark_space20\"><\/div>\n             <a target=\"_blank\" href=\"http:\/\/www.stellwerk-zukunft.de\/?page_id=56\" class=\"nicdark_btn grey\"><i class=\"icon-right-open-outline\"><\/i> More<\/a> \n            <div class=\"nicdark_space5\"><\/div>\n        <\/div>\n    <\/div>\n      \n   [\/vc_column][vc_column width=&#8220;1\/3&#8243; css=&#8220;.vc_custom_1422721969653{margin-bottom: 20px !important;}&#8220;]\n\n    <div class=\" nicdark_archive1 nicdark_relative\">\n        \n        <div class=\"nicdark_btn_iconbg nicdark_bg_green nicdark_absolute extrabig nicdark_shadow \"><div><i class=\"icon-anchor nicdark_iconbg left big white\"><\/i><\/div><\/div>\n    \n        <div class=\"nicdark_activity nicdark_marginleft100\">\n            <h4>HILFEN ZUR ERZIEHUNG<\/h4>                        \n            <div class=\"nicdark_space20\"><\/div>\n            <p>Aufsuchende Familienberatung auf Grundlage der systemischen Beratungsarbeit geht in Kooperation mit Eltern, mit Kindern und Jugendlichen, mit dem Umfeld der Familien und den beteiligten Helfersystemen. Genaueres finden sie hier.<\/p>\n            <div class=\"nicdark_space20\"><\/div>\n             <a target=\"_blank\" href=\"http:\/\/www.stellwerk-zukunft.de\/?page_id=3571\" class=\"nicdark_btn grey\"><i class=\"icon-right-open-outline\"><\/i> More<\/a> \n            <div class=\"nicdark_space5\"><\/div>\n        <\/div>\n    <\/div>\n      \n   [vc_empty_space height=&#8220;40px&#8220;][\/vc_column][vc_column width=&#8220;1\/3&#8243; css=&#8220;.vc_custom_1422721981191{margin-bottom: 20px !important;}&#8220;]\n\n    <div class=\" nicdark_archive1 nicdark_relative\">\n        \n        <div class=\"nicdark_btn_iconbg nicdark_bg_blue nicdark_absolute extrabig nicdark_shadow \"><div><i class=\"icon-arrows-cw-1 nicdark_iconbg left big white\"><\/i><\/div><\/div>\n    \n        <div class=\"nicdark_activity nicdark_marginleft100\">\n            <h4>JUGEND UND SCHULE<\/h4>                        \n            <div class=\"nicdark_space20\"><\/div>\n            <p>In unseren thematischen Angeboten werden die Teilnehmer selbst aktiv, setzen sich mit sich und der Welt auseinander und bekommen die M\u00f6glichkeit zu erfahren, was es bedeutet \u2013 akzeptiert zu werden, \u2013 auf sich selbst zu vertrauen, \u2013 ein wichtiger Teil der Gruppe zu sein<\/p>\n            <div class=\"nicdark_space20\"><\/div>\n             <a target=\"\" href=\"http:\/\/www.stellwerk-zukunft.de\/?page_id=3591\" class=\"nicdark_btn grey\"><i class=\"icon-right-open-outline\"><\/i> More<\/a> \n            <div class=\"nicdark_space5\"><\/div>\n        <\/div>\n    <\/div>\n      \n   [\/vc_column][\/vc_row][vc_row css=&#8220;.vc_custom_1422786244762{margin-top: 00px !important;margin-bottom: 40px !important;}&#8220; idsection=&#8220;home_services2&#8243;][vc_column width=&#8220;1\/3&#8243; css=&#8220;.vc_custom_1422722009693{margin-bottom: 20px !important;}&#8220;]\n\n    <div class=\" nicdark_archive1 nicdark_relative\">\n        \n        <div class=\"nicdark_btn_iconbg nicdark_bg_violet nicdark_absolute extrabig nicdark_shadow \"><div><i class=\"icon-chat-empty nicdark_iconbg left big white\"><\/i><\/div><\/div>\n    \n        <div class=\"nicdark_activity nicdark_marginleft100\">\n            <h4>COACHING UND TEAMBUIDLING<\/h4>                        \n            <div class=\"nicdark_space20\"><\/div>\n            <p>Hier informieren wir demn\u00e4chst \u00fcber Angebote zur Teamentwicklung, guter Kommunikation und Workshops f\u00fcr ihre Organisationsentwicklung.<\/p>\n            <div class=\"nicdark_space20\"><\/div>\n             <a target=\"_blank\" href=\"#\" class=\"nicdark_btn grey\"><i class=\"icon-right-open-outline\"><\/i> More<\/a> \n            <div class=\"nicdark_space5\"><\/div>\n        <\/div>\n    <\/div>\n      \n   [\/vc_column][vc_column width=&#8220;1\/3&#8243; css=&#8220;.vc_custom_1422722019608{margin-bottom: 20px !important;}&#8220;]\n\n    <div class=\" nicdark_archive1 nicdark_relative\">\n        \n        <div class=\"nicdark_btn_iconbg nicdark_bg_orange nicdark_absolute extrabig nicdark_shadow \"><div><i class=\"icon-users nicdark_iconbg left big white\"><\/i><\/div><\/div>\n    \n        <div class=\"nicdark_activity nicdark_marginleft100\">\n            <h4>UNSER TEAM<\/h4>                        \n            <div class=\"nicdark_space20\"><\/div>\n            <p>In den verschiedenen Arbeitsfeldern engagieren sich aktuell \u00fcber 30 Mitarbeiter\/innen - oftmals \u00fcber das \u00fcbliche Ma\u00df hinaus und immer mit viel Hoffnung.<\/p>\n            <div class=\"nicdark_space20\"><\/div>\n             <a target=\"\" href=\"https:\/\/www.stellwerk-zukunft.de\/?page_id=4606\" class=\"nicdark_btn grey\"><i class=\"icon-right-open-outline\"><\/i> More<\/a> \n            <div class=\"nicdark_space5\"><\/div>\n        <\/div>\n    <\/div>\n      \n   [\/vc_column][\/vc_row][vc_row css=&#8220;.vc_custom_1422888793344{margin-top: 0px !important;margin-bottom: 20px !important;}&#8220; idsection=&#8220;home_activities_title&#8220;][vc_column][vc_empty_space height=&#8220;30px&#8220;]<h1 style=\"color:#878787;\" class=\" subtitle left\">gro\u00dfe Familienfreizeit im Sommer<\/h1>[vc_empty_space height=&#8220;10px&#8220;]<div class=\"nicdark_divider  left big \"><span style=\"background-color:#edbf47;\" class=\"nicdark_radius\"><\/span><\/div>[vc_empty_space height=&#8220;16px&#8220;][vc_single_image image=&#8220;4495&#8243; img_size=&#8220;full&#8220; alignment=&#8220;center&#8220;][vc_empty_space height=&#8220;20px&#8220;]<h1 style=\"color:#edbf47;\" class=\" subtitle center\">9.-12. Juli 2025 im JFZ am D\u00fcmmer See<\/h1>[vc_empty_space height=&#8220;20px&#8220;]<h4 style=\"color:;\" class=\" subtitle center\">Auch in diesem Jahr sind wieder alle Familien, mit denen wir arbeiten, sind zur Teilnahme eingeladen. Genaueres erfahren Sie dann zu gegebener Zeit von unseren Mitarbeiter*innen - aber schon jetzt gerne das Datum merken.<\/h4>[vc_empty_space height=&#8220;30px&#8220;]<div class=\"nicdark_countdown\"><\/div>\n\n    <script type=\"text\/javascript\">\n    (function($) { \"use strict\"; \n\n      \/\/variables\n      var endDate = \"July 09, 2025\";\n      var grid = \"grid_3 percentage\";\n      \/\/insert the class nicdark_displaynone in the var if you wnat to hide the visualization\n      var display_years = \"nicdark_displaynone\";\n      var display_days = \"\";\n      var display_hours = \"\";\n      var display_minutes = \"\";\n      var display_seconds = \"\";\n      \/\/call\n      $(\".nicdark_countdown\").countdown({\n        date: endDate,\n        render: function(data) {\n          $(this.el).html(\"<div class=\\\"grid \"+ grid +\" \"+ display_days +\"  \\\"><div class=\\\"nicdark_textevidence center\\\"><h1 style=\\\"color:#edbf47\\\" class=\\\"subtitle white extrasize\\\">\"+ this.leadingZeros(data.days, 3) +\"<\/h1><div class=\\\"nicdark_space20\\\"><\/div><a class=\\\"nicdark_btn nicdark_bg_blue small nicdark_shadow nicdark_radius white\\\">DAYS<\/a><div class=\\\"nicdark_space5\\\"><\/div><\/div><\/div><div class=\\\"grid \"+ grid +\" \"+ display_hours +\"  \\\"><div class=\\\"nicdark_textevidence center\\\"><h1 style=\\\"color:#edbf47\\\" class=\\\"subtitle white extrasize\\\">\"+ this.leadingZeros(data.hours, 2) +\"<\/h1><div class=\\\"nicdark_space20\\\"><\/div><a class=\\\"nicdark_btn nicdark_bg_yellow small nicdark_shadow nicdark_radius white\\\">HOURS<\/a><div class=\\\"nicdark_space5\\\"><\/div><\/div><\/div><div class=\\\"grid \"+ grid +\" \"+ display_minutes +\"  \\\"><div class=\\\"nicdark_textevidence center\\\"><h1 style=\\\"color:#edbf47\\\" class=\\\"subtitle white extrasize\\\">\"+ this.leadingZeros(data.min, 2) +\"<\/h1><div class=\\\"nicdark_space20\\\"><\/div><a class=\\\"nicdark_btn nicdark_bg_green small nicdark_shadow nicdark_radius white\\\">MINUTES<\/a><div class=\\\"nicdark_space5\\\"><\/div><\/div><\/div><div class=\\\"grid \"+ grid +\" \"+ display_seconds +\"  \\\"><div class=\\\"nicdark_textevidence center\\\"><h1 style=\\\"color:#edbf47\\\" class=\\\"subtitle white extrasize\\\">\"+ this.leadingZeros(data.sec, 2) +\"<\/h1><div class=\\\"nicdark_space20\\\"><\/div><a class=\\\"nicdark_btn nicdark_bg_violet small nicdark_shadow nicdark_radius white\\\">SECONDS<\/a><div class=\\\"nicdark_space5\\\"><\/div><\/div><\/div>\");\n        }\n      });\n\n    })(jQuery);\n    <\/script>\n\n  [vc_empty_space height=&#8220;40px&#8220;][\/vc_column][\/vc_row][vc_row imgparallax=&#8220;yes&#8220; srcparallax=&#8220;2615&#8243; filter=&#8220;greydark&#8220; idparallax=&#8220;count-paral2&#8243; css=&#8220;.vc_custom_1450125431450{margin-top: 40px !important;margin-bottom: 60px !important;}&#8220;][vc_column][vc_row_inner css=&#8220;.vc_custom_1450125379807{padding-top: 60px !important;padding-bottom: 60px !important;}&#8220; idsection=&#8220;home_counter_inner&#8220;][vc_column_inner width=&#8220;1\/4&#8243;]<div class=\"nicdark_archive1 center\"><a href=\"#\" class=\" nicdark_width50 white nicdark_btn nicdark_bg_yellow nicdark_transition nicdark_shadow extrasize nicdark_radius_circle subtitle nicdark_counter\" data-to=\"501\" data-speed=\"1000\">501<\/a><div class=\"nicdark_space5\"><\/div><\/div>[vc_empty_space height=&#8220;10px&#8220;]<h2 style=\"color:#e1bc00;\" class=\" title center\">VORSCHULKINDER<\/h2>[vc_empty_space height=&#8220;5px&#8220;]<h4 style=\"color:#ffffff;\" class=\" title center\">die wir mit ihren Eltern und Erzieher\/innen auf dem Weg zu einer aktiven Teilhabe begleiten und fr\u00fch f\u00f6rdern durften<\/h4>[\/vc_column_inner][vc_column_inner width=&#8220;1\/4&#8243;]<div class=\"nicdark_archive1 center\"><a href=\"#\" class=\" nicdark_width50 white nicdark_btn nicdark_bg_green nicdark_transition nicdark_shadow extrasize nicdark_radius_circle subtitle nicdark_counter\" data-to=\"729\" data-speed=\"1000\">729<\/a><div class=\"nicdark_space5\"><\/div><\/div>[vc_empty_space height=&#8220;10px&#8220;]<h2 style=\"color:#578627;\" class=\" title center\">FAMILIEN<\/h2>[vc_empty_space height=&#8220;5px&#8220;]<h4 style=\"color:#ffffff;\" class=\" title center\">die gemeinsam mit uns entdeckten, dass sie F\u00e4higkeiten und Kompetenzen haben und sich nach ihren W\u00fcnschen ver\u00e4ndern k\u00f6nnen<\/h4>[\/vc_column_inner][vc_column_inner width=&#8220;1\/4&#8243;]<div class=\"nicdark_archive1 center\"><a href=\"#\" class=\" nicdark_width50 white nicdark_btn nicdark_bg_blue nicdark_transition nicdark_shadow extrasize nicdark_radius_circle subtitle nicdark_counter\" data-to=\"416\" data-speed=\"1000\">416<\/a><div class=\"nicdark_space5\"><\/div><\/div>[vc_empty_space height=&#8220;10px&#8220;]<h3 style=\"color:#004b7a;\" class=\" title center\">SCHULKLASSEN &amp; JUGENDGRUPPEN<\/h3>[vc_empty_space height=&#8220;5px&#8220;]<h4 style=\"color:#ffffff;\" class=\" title center\">die ihre Zusammenarbeit spielerisch ausprobieren und ihren Zusammenhalt st\u00e4rken konnten<\/h4>[\/vc_column_inner][vc_column_inner width=&#8220;1\/4&#8243;]<div class=\"nicdark_archive1 center\"><a href=\"#\" class=\" nicdark_width50 white nicdark_btn nicdark_bg_violet nicdark_transition nicdark_shadow extrasize nicdark_radius_circle subtitle nicdark_counter\" data-to=\"781\" data-speed=\"1000\">781<\/a><div class=\"nicdark_space5\"><\/div><\/div>[vc_empty_space height=&#8220;10px&#8220;]<h2 style=\"color:#734661;\" class=\" title center\">INTERESSIERTE<\/h2>[vc_empty_space height=&#8220;5px&#8220;]<h4 style=\"color:#ffffff;\" class=\" title center\">die in Aus- und Fortbildung, Fachberatungen oder Seminaren ihre Sicht-, Denk- und Handlungsweisen erweitern konnten<\/h4>[\/vc_column_inner][\/vc_row_inner][\/vc_column][\/vc_row]<\/p>\n<\/div>","protected":false},"excerpt":{"rendered":"<p>[vc_row equal_height=&#8220;yes&#8220; css=&#8220;.vc_custom_1486215002863{margin-top: 0px !important;margin-bottom: 60px !important;}&#8220; idsection=&#8220;home_focus&#8220;][vc_column css=&#8220;.vc_custom_1422569968990{margin-top: -45px !important;}&#8220; el_class=&#8220;nicdark_upper_level1&#8243;][vc_row_inner idsection=&#8220;home_focus_inner&#8220;][vc_column_inner width=&#8220;1\/4&#8243; css=&#8220;.vc_custom_1421748127192{padding: 0px !important;}&#8220;][\/vc_column_inner][vc_column_inner width=&#8220;1\/4&#8243; css=&#8220;.vc_custom_1421748169335{padding: 0px !important;}&#8220;][\/vc_column_inner][vc_column_inner width=&#8220;1\/4&#8243; css=&#8220;.vc_custom_1485940365397{padding-top: 0px !important;padding-right: 0px !important;padding-bottom: 0px !important;padding-left: 0px !important;}&#8220;][\/vc_column_inner][vc_column_inner width=&#8220;1\/4&#8243; css=&#8220;.vc_custom_1421748252369{padding: 0px !important;}&#8220;][\/vc_column_inner][\/vc_row_inner][\/vc_column][\/vc_row][vc_row css=&#8220;.vc_custom_1422888793344{margin-top: 0px !important;margin-bottom: 20px !important;}&#8220; idsection=&#8220;home_activities_title&#8220;][vc_column][vc_empty_space height=&#8220;20px&#8220;][vc_empty_space height=&#8220;10px&#8220;][vc_empty_space height=&#8220;20px&#8220;][vc_column_text] Die gemeinn\u00fctzige Stellwerk Zukunft GmbH wurde 2007 gegr\u00fcndet, um ohne spezielle &#8230;<\/p>\n","protected":false},"author":2,"featured_media":0,"parent":0,"menu_order":0,"comment_status":"closed","ping_status":"closed","template":"","meta":{"footnotes":""},"class_list":["post-3736","page","type-page","status-publish","hentry"],"_links":{"self":[{"href":"https:\/\/www.stellwerk-zukunft.de\/index.php?rest_route=\/wp\/v2\/pages\/3736","targetHints":{"allow":["GET"]}}],"collection":[{"href":"https:\/\/www.stellwerk-zukunft.de\/index.php?rest_route=\/wp\/v2\/pages"}],"about":[{"href":"https:\/\/www.stellwerk-zukunft.de\/index.php?rest_route=\/wp\/v2\/types\/page"}],"author":[{"embeddable":true,"href":"https:\/\/www.stellwerk-zukunft.de\/index.php?rest_route=\/wp\/v2\/users\/2"}],"replies":[{"embeddable":true,"href":"https:\/\/www.stellwerk-zukunft.de\/index.php?rest_route=%2Fwp%2Fv2%2Fcomments&post=3736"}],"version-history":[{"count":87,"href":"https:\/\/www.stellwerk-zukunft.de\/index.php?rest_route=\/wp\/v2\/pages\/3736\/revisions"}],"predecessor-version":[{"id":6772,"href":"https:\/\/www.stellwerk-zukunft.de\/index.php?rest_route=\/wp\/v2\/pages\/3736\/revisions\/6772"}],"wp:attachment":[{"href":"https:\/\/www.stellwerk-zukunft.de\/index.php?rest_route=%2Fwp%2Fv2%2Fmedia&parent=3736"}],"curies":[{"name":"wp","href":"https:\/\/api.w.org\/{rel}","templated":true}]}}