{"id":3996,"date":"2019-04-23T14:47:37","date_gmt":"2019-04-23T12:47:37","guid":{"rendered":"https:\/\/www.stellwerk-zukunft.de\/?page_id=3996"},"modified":"2023-11-28T11:09:31","modified_gmt":"2023-11-28T10:09:31","slug":"fruehfoerderung-3","status":"publish","type":"page","link":"https:\/\/www.stellwerk-zukunft.de\/?page_id=3996","title":{"rendered":"Fachberatung"},"content":{"rendered":"<div class=\"wpb-content-wrapper\"><p>[vc_row][vc_column width=&#8220;2\/3&#8243;][vc_empty_space]<h2 style=\"color:#e1bc00;\" class=\" title left\">Fachberatung f\u00fcr Kita's<\/h2>[vc_empty_space]<div class=\"nicdark_divider  left small \"><span style=\"background-color:#e1bc00;\" class=\"nicdark_radius\"><\/span><\/div>[vc_empty_space][vc_column_text]Fachberatung unterst\u00fctzt Einrichtungen der Kindertagesbetreung dabei, ihren F\u00f6rderauftrag, wie die Erziehung, Bildung und Betreuung, sowie fachliche und gestzliche Anforderungen in die Praxis umzusetzen. Fachberatung stellt dabei einen wichtigen Bestandteil der Qualit\u00e4tsentwicklung im Bereich der p\u00e4dagogischen Arbeit in Kindertagesst\u00e4tten dar. Die Beratung findet auf partnerschaflicher, unterst\u00fctzender und informativer Ebene statt.<\/p>\n<p>&nbsp;<\/p>\n<p>Die Fachberatung sieht sich in der Rolle als Begleiter, Initiator, Entwickler und Vermittler. Zu den Hauptaufgaben der Fachberatung geh\u00f6ren u.a.:<\/p>\n<ul>\n<li>\n<div id=\"attachment_4175\" style=\"width: 310px\" class=\"wp-caption alignright\"><a href=\"https:\/\/www.stellwerk-zukunft.de\/wp-content\/uploads\/2019\/05\/AdobeStock_167813058.jpg\"><img loading=\"lazy\" decoding=\"async\" aria-describedby=\"caption-attachment-4175\" class=\"wp-image-4175 size-medium\" src=\"https:\/\/www.stellwerk-zukunft.de\/wp-content\/uploads\/2019\/05\/AdobeStock_167813058-300x200.jpg\" alt=\"\" width=\"300\" height=\"200\" srcset=\"https:\/\/www.stellwerk-zukunft.de\/wp-content\/uploads\/2019\/05\/AdobeStock_167813058-300x200.jpg 300w, https:\/\/www.stellwerk-zukunft.de\/wp-content\/uploads\/2019\/05\/AdobeStock_167813058-768x512.jpg 768w, https:\/\/www.stellwerk-zukunft.de\/wp-content\/uploads\/2019\/05\/AdobeStock_167813058-1024x683.jpg 1024w, https:\/\/www.stellwerk-zukunft.de\/wp-content\/uploads\/2019\/05\/AdobeStock_167813058-1180x787.jpg 1180w\" sizes=\"auto, (max-width: 300px) 100vw, 300px\" \/><\/a><p id=\"caption-attachment-4175\" class=\"wp-caption-text\">Business people meeting at office and use post it notes to share idea. Brainstorming concept. Sticky note on glass wall.<\/p><\/div>\n<p><span style=\"font-size: 10pt;\">ber\u00e4t fachlich und nimmt beobachtend und praktizierend die heilp\u00e4dagogische Betreuung der Kinder im Rahmen der verf\u00fcgbaren Zeitressourcen war<\/span><\/li>\n<li><span style=\"font-size: 10pt;\">Beratung der Leitung bzw. der gruppenf\u00fchrenden Kraft<\/span><\/li>\n<li><span style=\"font-size: 10pt;\">Leitungs-Coaching<\/span><\/li>\n<li><span style=\"font-size: 10pt;\">Team-Coaching<\/span><\/li>\n<li><span style=\"font-size: 10pt;\">Beratung zu p\u00e4dagogischen Fragestellungen im Zusammenhang mit Integration<\/span><\/li>\n<li><span style=\"font-size: 10pt;\">Ratschl\u00e4ge bez\u00fcglich der Raumgestaltung<\/span><\/li>\n<li><span style=\"font-size: 10pt;\">Unterst\u00fctzung und Vorbereitung von Elterngespr\u00e4chen<\/span><\/li>\n<li><span style=\"font-size: 10pt;\">Reflektieren der sozialen Integration und des Entwicklungsverlaufs des Kindes in der Gruppe<\/span><\/li>\n<li><span style=\"font-size: 10pt;\">Beobachten des Kindes und gemeinsames Festlegen von individuellen F\u00f6rderma\u00dfnahmen mit den p\u00e4dagogischen Fachkr\u00e4ften<\/span><\/li>\n<li><span style=\"font-size: 10pt;\">Erg\u00e4nzt wird die Fachberatung durch die M\u00f6glichkeit der Durchf\u00fchrung von internen Teamfortbildungen.<\/span><\/li>\n<\/ul>\n<p>Zu den Aufgaben der Fachberaterinnen geh\u00f6rt es dabei, zeitgem\u00e4\u00dfe wissenschaftliche Erkenntnisse und kind- und familienorientierte Konzepte mit Handlungsvorschl\u00e4gen in die Praxis zu transportieren. So erweitern Erzieherinnen und Erzieher kontinuierlich das fachliche Wissen aus ihrer Aus- und Fortbildung und reflektieren ihr p\u00e4dagogisches Handeln nach den neuesten Erkenntnissen der Fr\u00fchp\u00e4dagogik.<\/p>\n<p>&nbsp;<\/p>\n<p>Erg\u00e4nzt wird die Fachberatung durch die M\u00f6glichkeit der Durchf\u00fchrung von internen Teamfortbildungen.[\/vc_column_text][\/vc_column][vc_column width=&#8220;1\/3&#8243;][vc_empty_space]\n\n\n   <div class=\" nicdark_archive1 nicdark_bg_yellow nicdark_radius nicdark_shadow\">\n\n        <div class=\"nicdark_textevidence nicdark_width_percentage40 nicdark_width100_responsive\">\n            <img decoding=\"async\" alt=\"\" class=\"nicdark_radius_left nicdark_opacity\" src=\"https:\/\/www.stellwerk-zukunft.de\/wp-content\/uploads\/2019\/04\/Manuela_Droege-neu.jpg\">\n        <\/div>\n        \n        <div class=\"nicdark_textevidence nicdark_width_percentage60 nicdark_width100_responsive\">\n            <div class=\"nicdark_margin20\">\n            \n                <h4 class=\"white\">Manuela Dr\u00f6ge<\/h4>                        \n                <div class=\"nicdark_space20\"><\/div>\n                <div class=\"nicdark_divider left small\"><span class=\"nicdark_bg_white nicdark_radius\"><\/span><\/div>\n                <div class=\"nicdark_space20\"><\/div>\n                <p class=\"white\">Dipl. P\u00e4dagogin<br \/>\nSystem- und Familientherapeutin (DGSF)<br \/>\nSystemischer Coach (IFW)<\/p>\n                <div class=\"nicdark_space20\"><\/div>\n                \n\n            <\/div>\n        <\/div>\n\n        \n\n    <\/div>\n\n   [vc_row_inner][vc_column_inner width=&#8220;1\/2&#8243;][vc_icon icon_fontawesome=&#8220;fa fa-info-circle&#8220; color=&#8220;custom&#8220; size=&#8220;sm&#8220; align=&#8220;center&#8220; custom_color=&#8220;#e1bc00&#8243; link=&#8220;url:https%3A%2F%2Fwww.stellwerk-zukunft.de%2F%3Fpage_id%3D3863|title:Infos%20zu%20Manuela%20Dr%C3%B6ge|target:%20_blank|&#8220;][\/vc_column_inner][vc_column_inner width=&#8220;1\/2&#8243;][vc_icon icon_fontawesome=&#8220;fa fa-envelope&#8220; color=&#8220;custom&#8220; size=&#8220;sm&#8220; align=&#8220;center&#8220; custom_color=&#8220;#e1bc00&#8243; link=&#8220;url:mailto%3Adroege%40stellwerk-zukunft.de|title:e-Mail%20an%20Manuela%20Dr%C3%B6ge||&#8220;][\/vc_column_inner][\/vc_row_inner]\n\n\n   <div class=\" nicdark_archive1 nicdark_bg_yellow nicdark_radius nicdark_shadow\">\n\n        <div class=\"nicdark_textevidence nicdark_width_percentage40 nicdark_width100_responsive\">\n            <img decoding=\"async\" alt=\"\" class=\"nicdark_radius_left nicdark_opacity\" src=\"https:\/\/www.stellwerk-zukunft.de\/wp-content\/uploads\/2023\/09\/Katharina-1024x1024.jpg\">\n        <\/div>\n        \n        <div class=\"nicdark_textevidence nicdark_width_percentage60 nicdark_width100_responsive\">\n            <div class=\"nicdark_margin20\">\n            \n                <h4 class=\"white\">Katharina Moormann<\/h4>                        \n                <div class=\"nicdark_space20\"><\/div>\n                <div class=\"nicdark_divider left small\"><span class=\"nicdark_bg_white nicdark_radius\"><\/span><\/div>\n                <div class=\"nicdark_space20\"><\/div>\n                <p class=\"white\">Dipl. Soz. P\u00e4d.\/Soz. Arb.<br \/>\nSystemische Beraterin<br \/>\nFamiliensprechstunde (nifbe)<\/p>\n                <div class=\"nicdark_space20\"><\/div>\n                \n\n            <\/div>\n        <\/div>\n\n        \n\n    <\/div>\n\n   [vc_icon icon_fontawesome=&#8220;fa fa-envelope&#8220; color=&#8220;custom&#8220; size=&#8220;sm&#8220; align=&#8220;center&#8220; custom_color=&#8220;#e1bc00&#8243; link=&#8220;url:mailto%3Amoormann%40stellwerk-zukunft.de|title:e-Mail%20an%20Katharina%20Moormann||&#8220;]\n\n\n   <div class=\" nicdark_archive1 nicdark_bg_yellow nicdark_radius nicdark_shadow\">\n\n        <div class=\"nicdark_textevidence nicdark_width_percentage40 nicdark_width100_responsive\">\n            <img decoding=\"async\" alt=\"\" class=\"nicdark_radius_left nicdark_opacity\" src=\"https:\/\/www.stellwerk-zukunft.de\/wp-content\/uploads\/2023\/09\/Sandra-1024x1024.jpg\">\n        <\/div>\n        \n        <div class=\"nicdark_textevidence nicdark_width_percentage60 nicdark_width100_responsive\">\n            <div class=\"nicdark_margin20\">\n            \n                <h4 class=\"white\">Sandra Bolles<\/h4>                        \n                <div class=\"nicdark_space20\"><\/div>\n                <div class=\"nicdark_divider left small\"><span class=\"nicdark_bg_white nicdark_radius\"><\/span><\/div>\n                <div class=\"nicdark_space20\"><\/div>\n                <p class=\"white\">Erzieherin<br \/>\nmit heilp\u00e4d. Zusatzausbildung<\/p>\n                <div class=\"nicdark_space20\"><\/div>\n                \n\n            <\/div>\n        <\/div>\n\n        \n\n    <\/div>\n\n   [vc_icon icon_fontawesome=&#8220;fa fa-envelope&#8220; color=&#8220;custom&#8220; size=&#8220;sm&#8220; align=&#8220;center&#8220; custom_color=&#8220;#e1bc00&#8243; link=&#8220;url:mailto%3Abolles%40stellwerk-zukunft.de|title:e-Mail%20an%20Sandra%20Bolles||&#8220;][vc_empty_space]<div class=\"nicdark_divider  left small \"><span style=\"background-color:#e1bc00;\" class=\"nicdark_radius\"><\/span><\/div>[vc_empty_space height=&#8220;12px&#8220;][vc_column_text]<span style=\"font-size: 8pt;\"><em>Download-Angebote des Nieders\u00e4chsischen Kultusnministeriums f\u00fcr Erzieherinnen und Erzieher, Eltern und Einrichtungen:<\/em><\/span>[\/vc_column_text][vc_empty_space height=&#8220;12px&#8220;][vc_btn title=&#8220;Niedersachsen-Portal&#8220; size=&#8220;sm&#8220; i_icon_fontawesome=&#8220;fa fa-share-square-o&#8220; add_icon=&#8220;true&#8220; link=&#8220;url:http%3A%2F%2Fwww.mk.niedersachsen.de%2Fstartseite%2Ffruehkindliche_bildung%2F|title:Fr%C3%BChkindliche%20Bildung|target:%20_blank|&#8220;][\/vc_column][vc_column]<h2 style=\"color:#e1bc00;\" class=\" title left\">Spezielle Angebote im Bereich Fr\u00fchf\u00f6rderung:<\/h2>[vc_empty_space height=&#8220;12px&#8220;][\/vc_column][\/vc_row][vc_row css_animation=&#8220;none&#8220; css=&#8220;.vc_custom_1556268418679{padding-top: 30px !important;padding-bottom: 10px !important;background-color: #e1bc00 !important;background-position: center !important;background-repeat: no-repeat !important;background-size: cover !important;}&#8220;][vc_column width=&#8220;1\/4&#8243;][vc_btn title=&#8220;ambulante Fr\u00fchf\u00f6rderung&#8220; style=&#8220;3d&#8220; color=&#8220;default&#8220; link=&#8220;url:https%3A%2F%2Fwww.stellwerk-zukunft.de%2F%3Fpage_id%3D3938|||&#8220;][\/vc_column][vc_column width=&#8220;1\/4&#8243;][vc_btn title=&#8220;Entwicklungsberatung&#8220; style=&#8220;3d&#8220; color=&#8220;default&#8220; link=&#8220;|||&#8220;][\/vc_column][vc_column width=&#8220;1\/4&#8243;][vc_btn title=&#8220;Fachberatung&#8220; style=&#8220;3d&#8220; color=&#8220;default&#8220; link=&#8220;url:https%3A%2F%2Fwww.stellwerk-zukunft.de%2F%3Fpage_id%3D3996|||&#8220;][\/vc_column][vc_column width=&#8220;1\/4&#8243;][vc_btn title=&#8220;Fortbildungs- und Kursangebot&#8220; style=&#8220;3d&#8220; color=&#8220;default&#8220; size=&#8220;sm&#8220; link=&#8220;|||&#8220;][\/vc_column][\/vc_row][vc_row][vc_column][vc_column_text]<\/p>\n<p>[\/vc_column_text][\/vc_column][\/vc_row]<\/p>\n<\/div>","protected":false},"excerpt":{"rendered":"<p>[vc_row][vc_column width=&#8220;2\/3&#8243;][vc_empty_space][vc_empty_space][vc_empty_space][vc_column_text]Fachberatung unterst\u00fctzt Einrichtungen der Kindertagesbetreung dabei, ihren F\u00f6rderauftrag, wie die Erziehung, Bildung und Betreuung, sowie fachliche und gestzliche Anforderungen in die Praxis umzusetzen. Fachberatung stellt dabei einen wichtigen Bestandteil der Qualit\u00e4tsentwicklung im Bereich der p\u00e4dagogischen Arbeit in Kindertagesst\u00e4tten dar. Die Beratung findet auf partnerschaflicher, unterst\u00fctzender und informativer Ebene statt. &nbsp; Die Fachberatung sieht sich &#8230;<\/p>\n","protected":false},"author":2,"featured_media":0,"parent":0,"menu_order":0,"comment_status":"closed","ping_status":"closed","template":"","meta":{"footnotes":""},"class_list":["post-3996","page","type-page","status-publish","hentry"],"_links":{"self":[{"href":"https:\/\/www.stellwerk-zukunft.de\/index.php?rest_route=\/wp\/v2\/pages\/3996","targetHints":{"allow":["GET"]}}],"collection":[{"href":"https:\/\/www.stellwerk-zukunft.de\/index.php?rest_route=\/wp\/v2\/pages"}],"about":[{"href":"https:\/\/www.stellwerk-zukunft.de\/index.php?rest_route=\/wp\/v2\/types\/page"}],"author":[{"embeddable":true,"href":"https:\/\/www.stellwerk-zukunft.de\/index.php?rest_route=\/wp\/v2\/users\/2"}],"replies":[{"embeddable":true,"href":"https:\/\/www.stellwerk-zukunft.de\/index.php?rest_route=%2Fwp%2Fv2%2Fcomments&post=3996"}],"version-history":[{"count":46,"href":"https:\/\/www.stellwerk-zukunft.de\/index.php?rest_route=\/wp\/v2\/pages\/3996\/revisions"}],"predecessor-version":[{"id":6762,"href":"https:\/\/www.stellwerk-zukunft.de\/index.php?rest_route=\/wp\/v2\/pages\/3996\/revisions\/6762"}],"wp:attachment":[{"href":"https:\/\/www.stellwerk-zukunft.de\/index.php?rest_route=%2Fwp%2Fv2%2Fmedia&parent=3996"}],"curies":[{"name":"wp","href":"https:\/\/api.w.org\/{rel}","templated":true}]}}