{"id":6344,"date":"2021-02-22T15:46:16","date_gmt":"2021-02-22T14:46:16","guid":{"rendered":"https:\/\/www.stellwerk-zukunft.de\/?page_id=6344"},"modified":"2021-02-22T15:53:47","modified_gmt":"2021-02-22T14:53:47","slug":"manuela-droege-2-3-2","status":"publish","type":"page","link":"https:\/\/www.stellwerk-zukunft.de\/?page_id=6344","title":{"rendered":"Luisa Saalfeld"},"content":{"rendered":"<div class=\"wpb-content-wrapper\"><p>[vc_row][vc_column][vc_empty_space][\/vc_column][\/vc_row][vc_row css=&#8220;.vc_custom_1422897311950{margin-top: 60px !important;}&#8220; idsection=&#8220;intro-row-single-teacher&#8220;][vc_column width=&#8220;1\/6&#8243; el_class=&#8220;nicdark_center&#8220; css=&#8220;.vc_custom_1462626907798{margin-bottom: 20px !important;}&#8220;][vc_single_image image=&#8220;6332&#8243; img_size=&#8220;full&#8220; el_class=&#8220;nicdark_radius&#8220;][vc_empty_space height=&#8220;20px&#8220;][vc_btn title=&#8220;&#8220; color=&#8220;warning&#8220; i_icon_fontawesome=&#8220;fas fa-envelope-open&#8220; add_icon=&#8220;true&#8220; link=&#8220;url:mailto%3Asaalfeld%40stellwerk-zukunft.de&#8220; el_class=&#8220;nicdark_margin10&#8243;][\/vc_column][vc_column width=&#8220;3\/6&#8243; css=&#8220;.vc_custom_1422897532916{margin-bottom: 20px !important;}&#8220;]<h3 style=\"color:;\" class=\" subtitle left\">LUISA SAALFELD<\/h3>[vc_empty_space height=&#8220;20px&#8220;]<div class=\"nicdark_divider  left small \"><span style=\"background-color:#f79c00;\" class=\"nicdark_radius\"><\/span><\/div>[vc_empty_space height=&#8220;20px&#8220;][vc_column_text]Mein Name ist Luisa Saalfeld. Im Stellwerk Zukunft arbeite ich vor allem mit Kindern und Jugendlichen sowie deren Familien im Rahmen der Hilfen zur Erziehung. Es ist mir wichtig auf jede*n individuell in der Einzelarbeit einzugehen. Die Kinder und Jugendlichen sollen mitentscheiden, wie ein Termin ausgestaltet wird. Ich bringe die passenden Methoden mit und eigene Interessen wie z.B. kochen, backen oder Bewegung drau\u00dfen ein. Eine respektvolle Arbeit auf Augenh\u00f6he und Vertrauensbasis ist mir sehr wichtig.[\/vc_column_text][vc_empty_space height=&#8220;20px&#8220;]<div class=\"nicdark_divider  left small \"><span style=\"background-color:#f79c00;\" class=\"nicdark_radius\"><\/span><\/div>[vc_empty_space height=&#8220;20px&#8220;][vc_tta_accordion color=&#8220;orange&#8220; spacing=&#8220;2&#8243; active_section=&#8220;6&#8243; collapsible_all=&#8220;true&#8220;][vc_tta_section title=&#8220;Ausbildung&#8220; tab_id=&#8220;1450186634545-df34edcd-b55c&#8220;][vc_column_text]<\/p>\n<ul>\n<li>Abitur am Domgymnasiuzm Verden<\/li>\n<li>Bachelorstudium der Erziehungs- und Sozialwissenschaften (Universit\u00e4t Vechta)<\/li>\n<li>Aktuell in der Ausbildung: Masterstudium Soziale Arbeit (Universit\u00e4t Vechta)<\/li>\n<\/ul>\n<p><strong>\u00a0<\/strong>[\/vc_column_text][\/vc_tta_section][vc_tta_section title=&#8220;Erfahrungen&#8220; tab_id=&#8220;1555678343552-2b249b14-fd31&#8243;][vc_column_text]<\/p>\n<ul>\n<li>Einblicke im \u00f6rtlichen Jugendzentrum der Stadt Verden, einem ambulanten Familienhilfetr\u00e4ger (Verden) sowie einer station\u00e4ren Kinder- und Jugendpsychiatrie (Ganderkesee)<\/li>\n<li>Erste Erfahrungen in der Arbeit mit Kindern und Jugendlichen als Live-in-Aupair in Australien<\/li>\n<\/ul>\n<p>&nbsp;<\/p>\n<p>&nbsp;<\/p>\n<p><strong>\u00a0<\/strong>[\/vc_column_text][\/vc_tta_section][vc_tta_section title=&#8220;Qualifikationen&#8220; tab_id=&#8220;1614005106369-59d2dd21-6a3c&#8220;][vc_column_text]<\/p>\n<ul>\n<li>Deutsche Geb\u00e4rdensprache Level II (DGS II)<\/li>\n<li>Betzavta: Toleranz- und Demokratietraining<\/li>\n<li>Gender &amp; Diversity Zertifikat (Universit\u00e4t Vechta)<\/li>\n<\/ul>\n<p>&nbsp;<\/p>\n<p><strong>\u00a0<\/strong>[\/vc_column_text][\/vc_tta_section][\/vc_tta_accordion][\/vc_column][vc_column width=&#8220;1\/3&#8243; css=&#8220;.vc_custom_1422897539084{margin-bottom: 20px !important;}&#8220;]<h3 style=\"color:;\" class=\" subtitle left\">DERZEITIGE AUFGABEN IM STELLWERK<\/h3>[vc_empty_space height=&#8220;20px&#8220;]<div class=\"nicdark_divider  left small \"><span style=\"background-color:#f49f00;\" class=\"nicdark_radius\"><\/span><\/div>[vc_column_text]<\/p>\n<ul>\n<li>Sozialp\u00e4dagogische Familienhilfe<\/li>\n<li>Erziehungsbeistandschaften<\/li>\n<li>Gruppenarbeit mit Jugendlichen und Familien<\/li>\n<\/ul>\n<p>[\/vc_column_text][vc_empty_space height=&#8220;60px&#8220;][\/vc_column][\/vc_row][vc_row imgparallax=&#8220;yes&#8220; srcparallax=&#8220;2615&#8243; idparallax=&#8220;teacherparal&#8220; css=&#8220;.vc_custom_1450188577002{margin-top: 20px !important;margin-bottom: 0px !important;}&#8220; idsection=&#8220;signature-row-single-teacher&#8220;][vc_column css=&#8220;.vc_custom_1421224569819{margin-top: 100px !important;margin-bottom: 100px !important;}&#8220;][vc_empty_space height=&#8220;20px&#8220;]<div class=\"nicdark_divider  center big \"><span style=\"background-color:#ffffff;\" class=\"nicdark_radius\"><\/span><\/div>[\/vc_column][\/vc_row]<\/p>\n<\/div>","protected":false},"excerpt":{"rendered":"<p>[vc_row][vc_column][vc_empty_space][\/vc_column][\/vc_row][vc_row css=&#8220;.vc_custom_1422897311950{margin-top: 60px !important;}&#8220; idsection=&#8220;intro-row-single-teacher&#8220;][vc_column width=&#8220;1\/6&#8243; el_class=&#8220;nicdark_center&#8220; css=&#8220;.vc_custom_1462626907798{margin-bottom: 20px !important;}&#8220;][vc_single_image image=&#8220;6332&#8243; img_size=&#8220;full&#8220; el_class=&#8220;nicdark_radius&#8220;][vc_empty_space height=&#8220;20px&#8220;][vc_btn title=&#8220;&#8220; color=&#8220;warning&#8220; i_icon_fontawesome=&#8220;fas fa-envelope-open&#8220; add_icon=&#8220;true&#8220; link=&#8220;url:mailto%3Asaalfeld%40stellwerk-zukunft.de&#8220; el_class=&#8220;nicdark_margin10&#8243;][\/vc_column][vc_column width=&#8220;3\/6&#8243; css=&#8220;.vc_custom_1422897532916{margin-bottom: 20px !important;}&#8220;][vc_empty_space height=&#8220;20px&#8220;][vc_empty_space height=&#8220;20px&#8220;][vc_column_text]Mein Name ist Luisa Saalfeld. Im Stellwerk Zukunft arbeite ich vor allem mit Kindern und Jugendlichen sowie deren Familien im Rahmen der Hilfen zur Erziehung. Es ist mir wichtig &#8230;<\/p>\n","protected":false},"author":2,"featured_media":0,"parent":0,"menu_order":0,"comment_status":"open","ping_status":"closed","template":"","meta":{"footnotes":""},"class_list":["post-6344","page","type-page","status-publish","hentry"],"_links":{"self":[{"href":"https:\/\/www.stellwerk-zukunft.de\/index.php?rest_route=\/wp\/v2\/pages\/6344","targetHints":{"allow":["GET"]}}],"collection":[{"href":"https:\/\/www.stellwerk-zukunft.de\/index.php?rest_route=\/wp\/v2\/pages"}],"about":[{"href":"https:\/\/www.stellwerk-zukunft.de\/index.php?rest_route=\/wp\/v2\/types\/page"}],"author":[{"embeddable":true,"href":"https:\/\/www.stellwerk-zukunft.de\/index.php?rest_route=\/wp\/v2\/users\/2"}],"replies":[{"embeddable":true,"href":"https:\/\/www.stellwerk-zukunft.de\/index.php?rest_route=%2Fwp%2Fv2%2Fcomments&post=6344"}],"version-history":[{"count":5,"href":"https:\/\/www.stellwerk-zukunft.de\/index.php?rest_route=\/wp\/v2\/pages\/6344\/revisions"}],"predecessor-version":[{"id":6351,"href":"https:\/\/www.stellwerk-zukunft.de\/index.php?rest_route=\/wp\/v2\/pages\/6344\/revisions\/6351"}],"wp:attachment":[{"href":"https:\/\/www.stellwerk-zukunft.de\/index.php?rest_route=%2Fwp%2Fv2%2Fmedia&parent=6344"}],"curies":[{"name":"wp","href":"https:\/\/api.w.org\/{rel}","templated":true}]}}

<div class="wpb-content-wrapper"><p>[vc_row][vc_column][vc_empty_space][/vc_column][/vc_row][vc_row css=&#8220;.vc_custom_1422897311950{margin-top: 60px !important;}&#8220; idsection=&#8220;intro-row-single-teacher&#8220;][vc_column width=&#8220;1/6&#8243; el_class=&#8220;nicdark_center&#8220; css=&#8220;.vc_custom_1462626907798{margin-bottom: 20px !important;}&#8220;][vc_single_image image=&#8220;6332&#8243; img_size=&#8220;full&#8220; el_class=&#8220;nicdark_radius&#8220;][vc_empty_space height=&#8220;20px&#8220;][vc_btn title=&#8220;&#8220; color=&#8220;warning&#8220; i_icon_fontawesome=&#8220;fas fa-envelope-open&#8220; add_icon=&#8220;true&#8220; link=&#8220;url:mailto%3Asaalfeld%40stellwerk-zukunft.de&#8220; el_class=&#8220;nicdark_margin10&#8243;][/vc_column][vc_column width=&#8220;3/6&#8243; css=&#8220;.vc_custom_1422897532916{margin-bottom: 20px !important;}&#8220;]<h3 style="color:;" class=" subtitle left">LUISA SAALFELD</h3>[vc_empty_space height=&#8220;20px&#8220;]<div class="nicdark_divider  left small "><span style="background-color:#f79c00;" class="nicdark_radius"></span></div>[vc_empty_space height=&#8220;20px&#8220;][vc_column_text]Mein Name ist Luisa Saalfeld. Im Stellwerk Zukunft arbeite ich vor allem mit Kindern und Jugendlichen sowie deren Familien im Rahmen der Hilfen zur Erziehung. Es ist mir wichtig auf jede*n individuell in der Einzelarbeit einzugehen. Die Kinder und Jugendlichen sollen mitentscheiden, wie ein Termin ausgestaltet wird. Ich bringe die passenden Methoden mit und eigene Interessen wie z.B. kochen, backen oder Bewegung draußen ein. Eine respektvolle Arbeit auf Augenhöhe und Vertrauensbasis ist mir sehr wichtig.[/vc_column_text][vc_empty_space height=&#8220;20px&#8220;]<div class="nicdark_divider  left small "><span style="background-color:#f79c00;" class="nicdark_radius"></span></div>[vc_empty_space height=&#8220;20px&#8220;][vc_tta_accordion color=&#8220;orange&#8220; spacing=&#8220;2&#8243; active_section=&#8220;6&#8243; collapsible_all=&#8220;true&#8220;][vc_tta_section title=&#8220;Ausbildung&#8220; tab_id=&#8220;1450186634545-df34edcd-b55c&#8220;][vc_column_text]</p>
<ul>
<li>Abitur am Domgymnasiuzm Verden</li>
<li>Bachelorstudium der Erziehungs- und Sozialwissenschaften (Universität Vechta)</li>
<li>Aktuell in der Ausbildung: Masterstudium Soziale Arbeit (Universität Vechta)</li>
</ul>
<p><strong> </strong>[/vc_column_text][/vc_tta_section][vc_tta_section title=&#8220;Erfahrungen&#8220; tab_id=&#8220;1555678343552-2b249b14-fd31&#8243;][vc_column_text]</p>
<ul>
<li>Einblicke im örtlichen Jugendzentrum der Stadt Verden, einem ambulanten Familienhilfeträger (Verden) sowie einer stationären Kinder- und Jugendpsychiatrie (Ganderkesee)</li>
<li>Erste Erfahrungen in der Arbeit mit Kindern und Jugendlichen als Live-in-Aupair in Australien</li>
</ul>
<p>&nbsp;</p>
<p>&nbsp;</p>
<p><strong> </strong>[/vc_column_text][/vc_tta_section][vc_tta_section title=&#8220;Qualifikationen&#8220; tab_id=&#8220;1614005106369-59d2dd21-6a3c&#8220;][vc_column_text]</p>
<ul>
<li>Deutsche Gebärdensprache Level II (DGS II)</li>
<li>Betzavta: Toleranz- und Demokratietraining</li>
<li>Gender &amp; Diversity Zertifikat (Universität Vechta)</li>
</ul>
<p>&nbsp;</p>
<p><strong> </strong>[/vc_column_text][/vc_tta_section][/vc_tta_accordion][/vc_column][vc_column width=&#8220;1/3&#8243; css=&#8220;.vc_custom_1422897539084{margin-bottom: 20px !important;}&#8220;]<h3 style="color:;" class=" subtitle left">DERZEITIGE AUFGABEN IM STELLWERK</h3>[vc_empty_space height=&#8220;20px&#8220;]<div class="nicdark_divider  left small "><span style="background-color:#f49f00;" class="nicdark_radius"></span></div>[vc_column_text]</p>
<ul>
<li>Sozialpädagogische Familienhilfe</li>
<li>Erziehungsbeistandschaften</li>
<li>Gruppenarbeit mit Jugendlichen und Familien</li>
</ul>
<p>[/vc_column_text][vc_empty_space height=&#8220;60px&#8220;][/vc_column][/vc_row][vc_row imgparallax=&#8220;yes&#8220; srcparallax=&#8220;2615&#8243; idparallax=&#8220;teacherparal&#8220; css=&#8220;.vc_custom_1450188577002{margin-top: 20px !important;margin-bottom: 0px !important;}&#8220; idsection=&#8220;signature-row-single-teacher&#8220;][vc_column css=&#8220;.vc_custom_1421224569819{margin-top: 100px !important;margin-bottom: 100px !important;}&#8220;][vc_empty_space height=&#8220;20px&#8220;]<div class="nicdark_divider  center big "><span style="background-color:#ffffff;" class="nicdark_radius"></span></div>[/vc_column][/vc_row]</p>
</div>
